{"id":562,"date":"2021-01-25T13:19:26","date_gmt":"2021-01-25T13:19:26","guid":{"rendered":"https:\/\/www.transportas.de\/?page_id=562"},"modified":"2021-05-22T15:26:50","modified_gmt":"2021-05-22T15:26:50","slug":"imprint","status":"publish","type":"page","link":"https:\/\/www.transportas.de\/index.php\/imprint\/","title":{"rendered":"Imprint"},"content":{"rendered":"[vc_row thb_divider_position=&#8220;bottom&#8220; el_class=&#8220;align-center&#8220;][vc_column offset=&#8220;vc_col-lg-10 vc_col-md-12&#8243; css=&#8220;.vc_custom_1611665565753{padding-top: 120px !important;}&#8220;][vc_column_text el_class=&#8220;links&#8220;]\n<h3>Imprint<\/h3>\n<p>Transportas Internationale Spedition GmbH<br \/>\nBarabein 6<br \/>\n88447 Warthausen<\/p>\n<p><a href=\"tel:+ 49 7351 587 58-0\">+ 49 (0) 7351 587 58 0<\/a><\/p>\n<p><a href=\"mailto:info@transportas.de\" target=\"_blank\" rel=\"noopener\">info@transportas.de<\/a><br \/>\n<a href=\"http:\/\/transportas.de\" target=\"_blank\" rel=\"noopener\">transportas.de<\/a><\/p>\n<p>Sitz der Gesellschaft: D-88400 Biberach\/Ri\u00df<br \/>\nRegistergericht: Biberach<br \/>\nHandelsregister: HRB 641979<br \/>\nGesch\u00e4ftsf\u00fchrer: Claudio Luigi Blasizzo<br \/>\nGerichtsstand: Biberach\/Ri\u00df<br \/>\nErf\u00fcllungsort: Biberach\/Ri\u00df<\/p>\n<p>Umsatzsteuer-Indentifikationsnummer: DE 814 689 525<\/p>\n<p><strong>Hinweis zur Streitbeilegung:<\/strong><br \/>\nSoweit Streitigkeiten zwischen Ihnen als Verbraucher und uns nicht beigelegt werden k\u00f6nnen, steht Ihnen die Nutzung des Online-Streitbeilegungsverfahrens unter\u00a0<a href=\"http:\/\/ec.europa.eu\/odr\/\" target=\"_blank\" rel=\"noopener\">http:\/\/ec.europa.eu\/odr\/<\/a>\u00a0nach der EU-Verordnung \u00fcber Online-Streitbelegung in Verbraucherangelegenheiten (VO Nr. 524\/2013) zur Verf\u00fcgung. Verbrauchern gibt dies die M\u00f6glichkeit, Streitbeilegungen im Zusammenhang mit Ihrer Online-Bestellung zun\u00e4chst ohne Einschaltung eines Gerichts zu kl\u00e4ren.<\/p>\n<p><strong>Haftungsausschluss\/Rechtshinweis<\/strong><\/p>\n<p><strong>1. Inhalt des Onlineangebotes<\/strong><br \/>\nTransportas Internationale Spedition GmbH \u00fcbernimmt keinerlei Gew\u00e4hr f\u00fcr die Aktualit\u00e4t, Korrektheit, Vollst\u00e4ndigkeit oder Qualit\u00e4t der bereitgestellten Informationen. Alle Informationen und Erkl\u00e4rungen dieser Internetseiten sind unverbindlich. Haftungsanspr\u00fcche, welche sich auf Sch\u00e4den materieller oder ideeller Art beziehen, die durch die Nutzung oder Nichtnutzung der dargebotenen Informationen bzw. durch die Nutzung fehlerhafter und unvollst\u00e4ndiger Informationen verursacht wurden, sind grunds\u00e4tzlich ausgeschlossen. Die Inhalte der Internetseiten k\u00f6nnen durch zeitverz\u00f6gerte Aktualisierung nicht permanent aktuell sein.<\/p>\n<p><strong>2. Verweise und Links<\/strong><br \/>\nDirekte oder indirekte Verweise auf fremde Webseiten (\u201eHyperlinks\u201c), werden nicht permanent von uns kontrolliert. Wir \u00fcbernehmen keine Haftung f\u00fcr den Inhalt verlinkter Seiten. Die Existenz solcher Links ist kein Hinweis auf eine Zusammenarbeit mit diesem Unternehmen oder eine Empfehlung ihres Angebotes. Auf die aktuelle und zuk\u00fcnftige Gestaltung, die Inhalte oder die Urheberschaft der verlinkten\/verkn\u00fcpften Seiten haben wir keinerlei Einfluss. Deshalb distanzieren wir uns hiermit ausdr\u00fccklich von allen Inhalten aller verlinkten \/verkn\u00fcpften Seiten, die nach der Linksetzung ver\u00e4ndert wurden. F\u00fcr illegale, fehlerhafte oder unvollst\u00e4ndige Inhalte und insbesondere f\u00fcr Sch\u00e4den, die aus der Nutzung oder Nichtnutzung solcherart dargebotener Informationen entstehen, haftet allein der Anbieter der Seite, auf welche verwiesen wurde, nicht derjenige, der \u00fcber Links auf die jeweilige Ver\u00f6ffentlichung lediglich verweist.<\/p>\n<p><strong>3. Urheber- und Kennzeichenrecht<\/strong><br \/>\nDer Autor ist bestrebt, in allen Publikationen die Urheberrechte der verwendeten Bilder, Grafiken, Tondokumente, Videosequenzen und Texte zu nutzen oder auf lizenzfreie Grafiken, Tondokumente, Videosequenzen und Texte zur\u00fcckzugreifen. Alle innerhalb des Internetangebotes genannten und ggf. durch Dritte gesch\u00fctzten Marken- und Warenzeichen unterliegen uneingeschr\u00e4nkt den Bestimmungen des jeweils g\u00fcltigen Kennzeichenrechts und den Besitzrechten der jeweiligen eingetragenen Eigent\u00fcmer. Allein aufgrund der blo\u00dfen Nennung ist nicht der Schluss zu ziehen, dass Markenzeichen nicht durch Rechte Dritter gesch\u00fctzt sind!<\/p>\n<p><strong>4. Datenschutz<\/strong><br \/>\nSofern innerhalb des Internetangebotes die M\u00f6glichkeit zur Eingabe pers\u00f6nlicher oder gesch\u00e4ftlicher Daten (Emailadressen, Namen, Anschriften) besteht, so erfolgt die Preisgabe dieser Daten seitens des Nutzers auf ausdr\u00fccklich freiwilliger Basis. Die Inanspruchnahme aller angebotenen Dienste ist \u2013 soweit technisch m\u00f6glich und zumutbar \u2013 auch ohne Angabe solcher Daten bzw. unter Angabe anonymisierter Daten oder eines Pseudonyms gestattet. Die Nutzung der im Rahmen des Impressums oder vergleichbarer Angaben ver\u00f6ffentlichten Kontaktdaten wie Postanschriften, Telefon- und Faxnummern sowie Emailadressen durch Dritte zur \u00dcbersendung von nicht ausdr\u00fccklich angeforderten Informationen ist nicht gestattet. Rechtliche Schritte gegen die Versender von sogenannten Spam-Mails bei Verst\u00f6ssen gegen dieses Verbot sind ausdr\u00fccklich vorbehalten.<\/p>\n<p><strong>5. Google Analytics<\/strong><br \/>\nDiese Website benutzt Google Analytics, einen Webanalysedienst der Google Inc. (\u201eGoogle\u201c). Google Analytics verwendet sog. \u201eCookies\u201c, Textdateien, die auf Ihrem Computer gespeichert werden und die eine Analyse der Benutzung der Website durch Sie erm\u00f6glichen. Dabei handelt es sich um Cookies von Google selbst (Google Analytics-Cookies) und sogenannten Drittanbieter-Cookies (DoubleClick-Cookies). Die durch den Cookie erzeugten Informationen \u00fcber Ihre Benutzung dieser Website werden in der Regel an einen Server von Google in den USA \u00fcbertragen und dort gespeichert. Im Falle der Aktivierung der IP-Anonymisierung auf dieser Webseite, wird Ihre IP-Adresse von Google jedoch innerhalb von Mitgliedstaaten der Europ\u00e4ischen Union oder in anderen Vertragsstaaten des Abkommens \u00fcber den Europ\u00e4ischen Wirtschaftsraum zuvor gek\u00fcrzt. Nur in Ausnahmef\u00e4llen wird die volle IP-Adresse an einen Server von Google in den USA \u00fcbertragen und dort gek\u00fcrzt. Im Auftrag des Betreibers dieser Website wird Google diese Informationen benutzen, um Ihre Nutzung der Website auszuwerten, um Reports \u00fcber die Websiteaktivit\u00e4ten zusammenzustellen und um weitere mit der Websitenutzung und der Internetnutzung verbundene Dienstleistungen, insbesondere auch Funktionen f\u00fcr Display-Werbung, wie Google Analytics-Berichte zur Leistung nach demografischen Merkmalen und Interessen, gegen\u00fcber dem Websitebetreiber zu erbringen. Auch wird Google diese Informationen gegebenenfalls an Dritte \u00fcbertragen, sofern dies gesetzlich vorgeschrieben oder soweit Dritte diese Daten im Auftrag von Google verarbeiten. In den Google Analytics-Berichten zur Leistung nach demografischen Merkmalen und Interessen werden \u00fcber interessenbezogene Werbung von Google erlangte Daten und Besucherdaten von Drittanbietern (wie z.B. Alter, Geschlecht und Interessen) verwendet. Google wird in keinem Fall Ihre IP-Adresse mit anderen Daten von Google in Verbindung bringen. Sie k\u00f6nnen die Speicherung der Cookies durch eine entsprechende Einstellung Ihrer Browser-Software verhindern; wir weisen Sie jedoch darauf hin, dass Sie in diesem Fall gegebenenfalls nicht s\u00e4mtliche Funktionen dieser Website vollumf\u00e4nglich werden nutzen k\u00f6nnen.<br \/>\nSie k\u00f6nnen dar\u00fcber hinaus die Erfassung der durch das Cookie erzeugten und auf Ihre Nutzung der Website bezogenen Daten (inkl. Ihrer IP-Adresse) an Google sowie die Verarbeitung dieser Daten durch Google verhindern, indem sie das unter dem folgenden Link verf\u00fcgbare Browser-Plugin herunterladen und installieren.<\/p>\n<p><a href=\"https:\/\/tools.google.com\/dlpage\/gaoptout\" target=\"_blank\" rel=\"noopener noreferrer\">[http:\/\/tools.google.com\/dlpage\/gaoptout?hl=de].<\/a><\/p>\n<p><strong>6. Internet Lesezeichen<\/strong><br \/>\nAuf unserer Webseite sind so genannte Social Bookmarks (bspw. von Facebook, Twitter, YouTube und Xing) integriert. Die Nutzer eines solchen Dienstes k\u00f6nnen Links und Nachrichtenmeldungen damit sammeln. Diese sind auf unserer Webseite lediglich als Link zu den entsprechenden Diensten eingebunden. Nach dem Anklicken der eingebundenen Grafik werden Sie auf die Seite des jeweiligen Anbieters weitergeleitet, d.h. erst dann werden Nutzerinformationen an den jeweiligen Anbieter \u00fcbertragen. Informationen zum Umgang mit Ihren personenbezogenen Daten bei Nutzung dieser Webseiten entnehmen Sie bitte den jeweiligen Datenschutzbestimmungen der Anbieter.<\/p>\n<p><strong>7. Rechtswirksamkeit dieses Haftungsausschlusses<\/strong><br \/>\nDieser Haftungsausschluss ist als Teil des Internetangebotes zu betrachten, von dem aus auf diese Seite verwiesen wurde. Sofern Teile oder einzelne Formulierungen dieses Textes der geltenden Rechtslage nicht, nicht mehr oder nicht vollst\u00e4ndig entsprechen sollten, bleiben die \u00fcbrigen Teile des Dokumentes in ihrem Inhalt und ihrer G\u00fcltigkeit davon unber\u00fchrt. Der Betreiber dieser Webseite haftet nicht f\u00fcr Sch\u00e4den, nicht f\u00fcr unmittelbare, nicht f\u00fcr mittelbare Folgesch\u00e4den, Datenverluste, entgangenen Gewinn, System- oder Produktionsausf\u00e4lle, die durch die Nutzung dieser Internetseite oder das herunterladen von Daten entstehen.<\/p>\n<p><strong>8. Auskunftsrecht<\/strong><br \/>\nGerne geben wir Ihnen Auskunft dar\u00fcber, ob und welche personenbezogenen Daten von Ihnen bei uns gespeichert sind. Unter den Voraussetzungen der Bestimmungen des BDSG k\u00f6nnen Sie dar\u00fcber hinaus gegebenenfalls ein Recht auf Berichtigung, Sperrung oder L\u00f6schung dieser Daten geltend machen. Auf Anforderung machen wir Ihnen au\u00dferdem gerne unser \u00f6ffentliches Verfahrensverzeichnis zug\u00e4nglich, in dem wir die nach \u00a7 4e BDSG erforderlichen Angaben zusammengefasst haben.<\/p>\n<p><strong>9. \u00c4nderung der Datenschutzerkl\u00e4rung<\/strong><br \/>\nWir behalten uns das Recht vor, diese Datenschutzerkl\u00e4rung jederzeit unter Beachtung der geltenden Datenschutzvorschriften zu \u00e4ndern. Derzeitiger Stand ist April 2017.<\/p>\n<p><strong>10. Bildnachweise<br \/>\n<\/strong>Schiff: Photo by <a href=\"https:\/\/unsplash.com\/@qwitka?utm_source=unsplash&amp;utm_medium=referral&amp;utm_content=creditCopyText\">Maksym Kaharlytskyi<\/a> on <a href=\"https:\/\/unsplash.com\/?utm_source=unsplash&amp;utm_medium=referral&amp;utm_content=creditCopyText\">Unsplash<\/a><br \/>\nBlatt: Photo by <a href=\"https:\/\/unsplash.com\/@kvtepov?utm_source=unsplash&amp;utm_medium=referral&amp;utm_content=creditCopyText\">Vlad Kutepov<\/a> on <a href=\"https:\/\/unsplash.com\/?utm_source=unsplash&amp;utm_medium=referral&amp;utm_content=creditCopyText\">Unsplash<\/a><br \/>\nSchienen: Photo by\u00a0<a href=\"https:\/\/unsplash.com\/@dayso?utm_source=unsplash&amp;utm_medium=referral&amp;utm_content=creditCopyText\">DaYsO<\/a>\u00a0on\u00a0<a href=\"https:\/\/unsplash.com\/s\/photos\/rail?utm_source=unsplash&amp;utm_medium=referral&amp;utm_content=creditCopyText\">Unsplash<\/a>[\/vc_column_text][\/vc_column][\/vc_row]\n","protected":false},"excerpt":{"rendered":"<p>[vc_row thb_divider_position=&#8220;bottom&#8220; el_class=&#8220;align-center&#8220;][vc_column offset=&#8220;vc_col-lg-10 vc_col-md-12&#8243; css=&#8220;.vc_custom_1611665565753{padding-top: 120px !important;}&#8220;][vc_column_text el_class=&#8220;links&#8220;] Imprint Transportas Internationale Spedition GmbH Barabein 6 88447 Warthausen + 49 (0) 7351 587 58 0 info@transportas.de transportas.de Sitz der Gesellschaft: D-88400 Biberach\/Ri\u00df Registergericht: Biberach Handelsregister: HRB 641979 Gesch\u00e4ftsf\u00fchrer: Claudio Luigi Blasizzo Gerichtsstand: Biberach\/Ri\u00df Erf\u00fcllungsort: Biberach\/Ri\u00df Umsatzsteuer-Indentifikationsnummer: DE 814 689 525 Hinweis zur Streitbeilegung: Soweit Streitigkeiten&hellip;<\/p>\n","protected":false},"author":1,"featured_media":0,"parent":0,"menu_order":0,"comment_status":"closed","ping_status":"closed","template":"","meta":{"footnotes":""},"class_list":["post-562","page","type-page","status-publish","hentry"],"_links":{"self":[{"href":"https:\/\/www.transportas.de\/index.php\/wp-json\/wp\/v2\/pages\/562","targetHints":{"allow":["GET"]}}],"collection":[{"href":"https:\/\/www.transportas.de\/index.php\/wp-json\/wp\/v2\/pages"}],"about":[{"href":"https:\/\/www.transportas.de\/index.php\/wp-json\/wp\/v2\/types\/page"}],"author":[{"embeddable":true,"href":"https:\/\/www.transportas.de\/index.php\/wp-json\/wp\/v2\/users\/1"}],"replies":[{"embeddable":true,"href":"https:\/\/www.transportas.de\/index.php\/wp-json\/wp\/v2\/comments?post=562"}],"version-history":[{"count":17,"href":"https:\/\/www.transportas.de\/index.php\/wp-json\/wp\/v2\/pages\/562\/revisions"}],"predecessor-version":[{"id":1115,"href":"https:\/\/www.transportas.de\/index.php\/wp-json\/wp\/v2\/pages\/562\/revisions\/1115"}],"wp:attachment":[{"href":"https:\/\/www.transportas.de\/index.php\/wp-json\/wp\/v2\/media?parent=562"}],"curies":[{"name":"wp","href":"https:\/\/api.w.org\/{rel}","templated":true}]}}